3
What is 8 + (-10 - (-16 + 10))?
4
What is -5 + 3 + 3 - 0?
1
-2 + (1 - -7) - 2 - 0
4
What is the value of (1 - (3 - 2)) + 2?
2
What is the value of -6 + 4 + -3 - -1?
-4
Calculate -4 + 7 + -1 + -4 + -4.
-6
What is the value of -9 - ((4 + -13 - -4) + 3)?
-7
Calculate -3 - (3 + -5 + -1).
0
Calculate -1 + (-4 - 1 - -5).
-1
What is 4 + -5 - 3 - (0 - 8)?
4
(-4 - -4 - -7) + (2 - 4)
5
What is (4 - 8) + 9 + (-7 - -5)?
3
Calculate 6 - (2 - 1 - (7 - 8)).
4
What is the value of 2 + (1 - 3 - (4 + -4))?
0
Evaluate (9 - 6) + -3 + -3.
-3
What is the value of (-17 - -15) + (-5 - -2)?
-5
-4 + (-2 - -7 - -4)
5
What is 5 - (3 + 12) - -4?
-6
What is the value of 12 + -19 - (-2 - 0)?
-5
What is the value of (4 + 1 - (24 - 23)) + -8?
-4
What is the value of 8 + -15 + -1 - 1?
-9
Evaluate 4 + -5 + 0 + -2.
-3
-4 + 8 + 0 + (4 - 2)
6
-79 - -73 - (-2 - 11)
7
Evaluate (3 - -1) + -8 + (13 - 2).
7
Calculate 3 - (3 + (8 - 9)).
1
What is -22 + 13 - (0 + -4)?
-5
1 + (4 - (-1 - -6))
0
Calculate (0 - -10) + -4 - 1.
5
Evaluate 2 + 5 - (0 - (7 + -7)).
7
(9 - (14 - 9)) + -3 + -1
0
(-1 - -3) + -2 + (-3 - -2)
-1
Evaluate -1 - (0 - ((-4 - -1) + 4)).
0
(6 - 8) + (-6 - 1) - -4
-5
What is the value of 4 + -2 + 3 - 4?
1
48 - 47 - (-8 - 0)
9
What is -4 + 1 + (2 - 0) + 1?
0
What is the value of -1 + (-9 - -6) + 7?
3
Evaluate 1 + (-3 - 6 - -11).
3
What is the value of -41 + 47 - (-1 + 7)?
0
Calculate -3 - (-3 + -2) - (2 + -3).
3
What is (181 - 185) + (0 - 2)?
-6
Evaluate 1 + (1 - 7 - -3) - 2.
-4
What is the value of 0 - -5 - -12 - (2 - -5)?
10
What is 5 + -11 + -1 + 3 - 2?
-6
What is 0 - (-9 + 5) - (0 - -1)?
3
What is the value of (-8 - -12 - 10) + 12?
6
What is -8 + -4 + 8 + 2?
-2
Calculate 5 + -1 + (-6 - (8 - 14)).
4
What is -3 - 1 - (-11 + 2)?
5
Calculate -5 + 1 + -3 + (6 - 3).
-4
Evaluate 26 + -14 - (5 + 1).
6
-1 + 1 + (0 - 0) + -2
-2
Evaluate -5 - -2 - (-4 + 2 + -3).
2
What is -4 - (3 + (-2 - -3) + -3)?
-5
What is the value of (3 - -1) + 14 + -15?
3
What is the value of (-14 - -10 - (-9 - -4)) + -1?
0
Evaluate -3 + -2 + 3 + 3 + -2.
-1
What is 1 - (-5 + 7 + -5)?
4
Evaluate -1 - (-2 - -2) - (-2 - -1).
0
What is the value of 87 + -83 + (0 + -1 - 0)?
3
What is the value of 4 + (-3 + 0 - 0)?
1
Calculate -7 - (1 + -5) - -6 - 3.
0
What is -6 + (3 - -2) - (-1 - 2)?
2
1 + (6 - 4) + -1
2
What is (-6 - -4) + 15 + -19?
-6
What is -2 + (2 - (-7 + 9))?
-2
68 + -70 + 9 + 0
7
What is the value of (11 - 2) + -4 + -2?
3
What is 1 - 3 - (-1 - (8 + -9))?
-2
Evaluate (-1 + -7 - (51 - 55)) + -1.
-5
What is 3 + -13 + -1 - -9?
-2
1 - (3 - (3 - 2))
-1
(-31 - -30) + (-2 - -8)
5
What is the value of 2 + 3 + (-2 - 2)?
1
Calculate (1 - (2 - 1)) + -5.
-5
What is 1 + 0 + 2 + 1?
4
What is -3 - 2 - (0 - 3 - 4)?
2
Calculate -8 - -3 - -7 - 0.
2
What is (-2 - 3) + 2 + 3?
0
What is the value of 8 + 4 + -5 - 2?
5
Evaluate (-2 - 4) + 7 + -7 - -8.
2
Evaluate -2 + 0 + 0 + -2.
-4
-5 + 2 + 3 + -5
-5
-2 - 1 - (0 - 6)
3
Evaluate 4 + -1 + 6 + (-11 - -3).
1
What is -5 + (-3 - -10 - 8) + -2?
-8
What is the value of 2 + 1 + (-10 - (-4 + 2))?
-5
Evaluate 4 + -2 + 5 + -4.
3
Calculate (1 - (15 - 6)) + 7 - 1.
-2
-1 + 5 + (5 - 5)
4
-4 + 0 + 1 + -2
-5
What is -1 - (-2 - 1) - -3?
5
What is -62 - -58 - (0 + 5)?
-9
7 - 6 - 8 - -8
1
Evaluate -2 + (-4 + (-5 - -7) - -9).
5
-5 - -5 - (5 - 5)
0
What is 9 + (17 - 7) + -20?
-1
-12 - (3 + -6 - 5)
-4
Calculate (-6 - 5) + (-14 - -18).
-7
(0 - -6) + -5 - (3 + -9)
7
5 - (2 + 0) - (-29 + 30)
2
-4 + (6 - 3) + 6
5
What is -5 - 0 - ((9 - 18) + -1)?
5
Evaluate (9 - 3 - 4 - 0) + -4.
-2
Evaluate 2 + 3 + 0 + -13 + 9.
1
Calculate 5 + -3 - -2 - 6 - -3.
1
What is (-24 - -9 - -9) + 5?
-1
Calculate (6 - 3 - (-17 + 19)) + -6.
-5
What is 0 + 2 + -2 + 2?
2
What is 17 - 0 - (28 + -17)?
6
(6 + -3 - 4) + 0 + 0
-1
What is -3 - (3 - (3 + 1) - 1)?
-1
-19 - -8 - (6 - (8 - -3))
-6
5 + (6 + -1 - (1 - -4))
5
10 - (-2 - -2) - 17
-7
Evaluate 11 - 17 - (-5 + 1 + 0).
-2
-93 - -97 - (8 - 1)
-3
Evaluate (-2 - (4 - 3)) + 1.
-2
Calculate (0 - (-3 + 7)) + 0.
-4
What is the value of 2 + -5 + 0 + 0?
-3
7 + (3 + -9 - (-3 - 0))
4
What is 4 + 1 - (-41 - -50) - -5?
1
What is the value of -8 + (8 - (16 + -9))?
-7
What is 4 - (0 + (4 - 5))?
5
Evaluate (4 - (0 - -2)) + 2 + 0.
4
Evaluate 2 + (2 + -2 - -2).
4
What is the value of 1 - 1 - -1 - (25 + -19)?
-5
What is the value of (-10 - -9 - (0 + 0)) + 0?
-1
What is (17 + -11 - (2 + 1)) + 3?
6
What is the value of -6 + (3 - -1) + (-1 - -7)?
4
Calculate -7 - -8 - (6 - 0).
-5
Evaluate (-1 - -2) + (2 - (1 + 1)).
1
What is 0 - (4 - 5 - 0)?
1
What is (121 - 127) + 8 + 1?
3
Calculate 2 - (4 - (12 - 10)).
0
Evaluate -3 + (0 - 2 - -4).
-1
What is -183 + 171 - (-6 - 1)?
-5
What is (-1 - (-7 + 5)) + 3 - 5?
-1
What is -14 + 19 + (-10 - 2)?
-7
(-14 - -18) + (-8 - 5)
-9
What is the value of -1 + (0 - (4 + -3))?
-2
What is -4 + 3 - -11 - 9?
1
Evaluate -27 + 27 + (2 - -1) + -1.
2
1 + (3 + 0 - 5) + 4
3
Evaluate (1 - 2) + -2 + 5 + -4.
-2
What is (-11 + 18 - 0) + -8?
-1
3 + (8 + -2 - -1 - 6)
4
What is the value of (-5 + (14 - 1) - 1) + -3?
4
What is 5 - (5 - 1) - -1 - 6?
-4
What is the value of 4 - (4 + 2) - -1?
-1
Evaluate -4 + -3 + 3 + 2 + 7.
5
What is the value of 2 + (-7 - -8) + -5 + -1?
-3
Evaluate 2 + 9 - (0 - -9).
2
Evaluate 9 + 2 + (-4 - 3).
4
(-1 - 4) + (8 - -4)
7
Calculate 7 - (3 + -2 + 2 - 0).
4
What is 4 + -7 + -12 + 8?
-7
Calculate 3 + -3 + 3 + 1.
4
What is the value of 3 - (-2 + 4) - 1?
0
Evaluate 12 + 1 + -4 + -6 + 2.
5
What is the value of 12 - 7 - 8 - (3 - 13)?
7
Evaluate 1 - 9 - 7 - (5 - 13).
-7
What is -8 + 1 - (-24 - -12)?
5
-4 + (-23 - -17) + (17 - 0)
7
Calculate 3 + 0 + -1 - (-42 + 46).
-2
Evaluate (-16 - -23) + (-3 - -1).
5
-3 - -8 - (-21 + 30)
-4
What is 4 + (3 + 1 - 8)?
0
Evaluate 4 - (2 - (-3 - -3)).
2
What is the value of (-8 - -2) + -5 + 1 + 5?
-5
Calculate -9 - (-14 - -5) - 5.
-5
Evaluate -10 + 4 - (20 - 31).
5
1 + (5 - (3 + -6 + 4))
5
What is -16 + (-23 + 33 - (2 - -1))?
-9
Evaluate -7 - (4 - 2 - 3 - 1).
-5
-2 + (2 - (3 + 0 + 3))
-6
Evaluate -128 + 132 + 0 + 4.
8
What is -2 + -2 + -7 - (5 + -7)?
-9
What is the value of 2 - (2 + -3) - (1 + 0)?
2
(-5 - -5) + -4 + -1
-5
What is the value of (-4 - -9) + -2 - -1?
4
Evaluate 0 + -2 + 0 + (-12 - -17).
3
-4 - (0 - 7 - 4)
7
Evaluate (-5 - 0) + -44 + 47.
-2
Evaluate 4 + -4 + 1 + -3 - 2.
-4
What is -1 + 1 + (-1 - -2) + -4?
-3
What is 3 - (6 - -1) - -10?
6
What is 77 - 60 - (-1 - -9)?
9
Evaluate (-2 - (4 + -8 + -3)) + -4.
1
Evaluate -4 + (5 - 1) + -3 + -1.
-4
What is the value of -1 - (1 - -2) - (-131 + 134)?
-7
6 - (2 + -2 + 4)
2
Evaluate 5 + 1 - (-5 - -9).
2
0 + 1 + 4 + (-4 - 0)
1
What is the value of 1 - -9 - 5 - 3?
2
What is the value of -1 + (1 - -1) + 2 - 2?
1
Evaluate (3 + -6 - 1) + (-24 - -23).
-5
What is 5 + -12 - (6 + -13)?
0
What is -2 + (-1 - 2) + 0?
-5
What is the value of (1 - -4) + (-104 - -104)?
5
Evaluate 2 - (-5 - (-7 - -4)).
4
Calculate (-3 - (9 - 12)) + -5.
-5
Evaluate 4 - (11 + -2) - (-8 + 0).
3
What is 3 + -3 + (2 - 1) + 2?
3
Evaluate -1 - (-1 - (4 + (-2 - 3))).
-1
What is the value of (2 - -1) + -25 + 18?
-4
Evaluate (-1 - -1) + (0 + -5 - -1).
-4
0 - (-13 + 9 - (1 - 2))
3
4 + 4 + 1 + -4
5
-1 + 1 - (-4 - -3)
1
Evaluate -52 + 51 + 11 + 0 + -1.
9
What is -3 + (3 - 2) + 21 + -20?
-1
Calculate 2 - (3 + 1 - 0).
-2
Evaluate (-14 - 1) + (0 - (9 + -16)).
-8
Calculate (-9 - -2) + (-19 - (0 - 25)).
-1
Calculate 4 - 10 - (-35 - -25).
4
2 - (-7 + 2 + 8) - 6
-7
1 - ((0 - 2) + 2 - -4)
-3
What is -2 + -7 + 11 + 2 + -7?
-3
2 + (3 + -3 - 4)
-2
What is (4 - 5) + 11 + -10?
0
Evaluate 2 - (1 + -6 - -4).
3
What is the value of 4 + -1 - (9 + 1 + -4)?
-3
What is the value of (4 - 0 - 2) + (-3 - -2)?
1
Calculate 43 + -50 + (-1 - 1).
-9
What is -1 - (-3 + 7) - (9 - 14)?
0
What is the value of -2 - (0 - 1) - (-1 + -4)?
4
(-11 - (-16 - -12)) + 3
-4
Calculate 14 + (-4 - 13) + 13.
10
Calculate 3 - ((-5 - -2) + 1).
5
What is the value of 69 + -59 - (-1 + 16)?
-5
Calculate 6 + (-6 - 2) + 5.
3
(3 - (3 - -1)) + 2 + 0
1
Evaluate (0 - -3) + -2 + 1.
2
What is -7 + (-4 - -6 - -2)?
-3
Calculate (3 - (-3 + 1)) + 1 + -2.
4
What is the value of -4 - (-4 + (-3 - -5))?
-2
What is the value of -2 - (-6 + (2 - 4))?
6
What is 3 - (7 - (13 + -6))?
3
Evaluate 2 + (-4 - 2 - (1 - 3)).
-2
Evaluate 3 - -1 - (13 - (-3 - -7)).
-5
-4 + -3 + (12 - 9)
-4
Evaluate 1 - (-3 + 1 + 0 - 